(y) = y + 17. Let j be q(-15). Suppose -8*o + j*o = -288. Calculate the greatest common factor of 12 and o.
12
Suppose -7*j - 7 = -28. Suppose -3*y - 4 = 4*c - 5, 3*c - 12 = 0. Let h = j - y. What is the highest common factor of 56 and h?
8
Suppose 4*l = k + 57 - 16, 15 = -3*k. Calculate the greatest common factor of 531 and l.
9
Let a(r) = 63*r**3. Let u be a(1). Suppose -5*q + 63 = -42. What is the highest common factor of q and u?
21
Suppose -411 = -3*o + 3*v, -3*o + 83 = 3*v - 316. Calculate the greatest common factor of o and 360.
45
Suppose -43*g = -96*g + 1060. Suppose 3*w = -3*n + 4*n - 44, 3*w - 6 = 0. Calculate the greatest common divisor of n and g.
10
Let j be (0 - 3)*(-124)/6. Suppose j = 4*y - 2*b - 18, 4*y - 5*b = 68. Calculate the highest common divisor of y and 22.
22
Suppose 2*k = 3*s + 67, -145 = 5*s + k + 4*k. Let x be (-1 + 215/s)*-15. Let m be 24/10*100/15. What is the highest common factor of m and x?
16
Let z(x) = 4*x**2 + 2*x - 2. Let y be z(1). Suppose 0 = -y*d - s + 14, -3*d + 0*d + s + 14 = 0. Calculate the highest common factor of d and 26.
2
Suppose -5*o + 111 = 101. Suppose -o*a + 476 = 5*a. What is the greatest common factor of a and 85?
17
Let y(o) be the first derivative of 2*o**2 - 21*o + 14. Let f be y(6). Calculate the highest common divisor of 15 and f.
3
Let h be (-3 - 32/(-12))*(-51 - 3). Calculate the highest common factor of h and 144.
18
Let f = -181 + 446. Suppose -4*w + f = -351. Let x = -90 + w. Calculate the greatest common divisor of x and 8.
8
Suppose -4*s = -r - 299, -s + 97 = 3*r + 19. Let b = -16 - -41. What is the greatest common factor of s and b?
25
Let m(v) = -v**2 + 3*v + 2. Let t be m(2). Let y(f) = f - 4. Let l be y(t). Suppose 4*k - 12 - 48 = l. What is the highest common factor of 120 and k?
15
Let l(s) = -368*s + 1. Let b(a) = -a. Let o(n) = 5*b(n) - l(n). Let r be o(1). Suppose -4*k = -358 - r. What is the highest common divisor of 20 and k?
20
Let t(c) be the second derivative of c**3/2 + 5*c**2 + 10*c. Let w be t(0). What is the greatest common divisor of w and 10?
10
Suppose 0*r + r - 20 = 0. Calculate the greatest common factor of r and 260.
20
Let n = -37 - -40. Suppose 51 = -n*r + 4*r. Let d = r - 21. What is the highest common divisor of d and 15?
15
Suppose -3*b + 602 = 134. Suppose 48 = 2*u + 3*u - 4*i, -45 = -5*u + 5*i. What is the highest common divisor of u and b?
12
Let u be 3/18 + (-25291)/42. Let b be (-1)/3 - u/42. Let o be 1*(-2 + 16 + 0). Calculate the highest common divisor of b and o.
14
Let x(a) = -a + 6. Let r be x(3). Let t = r + 9. Let u(d) = -d**3 + 13*d**2 - 10*d - 9. Let c be u(t). Calculate the greatest common factor of 60 and c.
15
Let r(d) = 0 + 35*d - 12*d + 10 - 25. Let w be r(9). Calculate the greatest common factor of 32 and w.
32
Let t be -1*(4/10)/((-8)/760). Calculate the highest common divisor of 665 and t.
19
Suppose 0 = -5*o - 34 + 19. Suppose 5*x = -4*f - 53, 4*x + 4*f + 0*f + 44 = 0. Let q be (o - x)*18/4. What is the greatest common factor of q and 18?
9
Suppose b = x - 4*x + 67, -3*b + 105 = 5*x. Suppose -2*j - 5*u + 41 = -2, -3*j = -4*u - 76. Calculate the highest common divisor of x and j.
24
Let v(k) = 5*k + 175. Let f be v(-17). What is the greatest common divisor of f and 45?
45
Let y be (-2)/(20/(-118)) - (-22)/110. Let s = 53 - y. What is the greatest common factor of 123 and s?
41
Let v(h) = -8*h - 9. Let l be v(-11). Suppose f = l + 20. Calculate the greatest common factor of f and 22.
11
Suppose 6*c = -o + 8*c + 654, 650 = o - 4*c. Calculate the highest common factor of o and 94.
94
Let i(x) = 31*x**2 + 3*x + 10. Let j be i(-3). Calculate the greatest common divisor of j and 392.
56
Let u be ((-9)/4)/(28/448). Let y be (-4)/18 + (-104)/u*7. Let g(a) = 2*a**3 - a**2 - 3*a + 2. Let i be g(2). Calculate the highest common divisor of y and i.
4
Let x = -451 - -483. Calculate the highest common factor of x and 24.
8
Let n be 1/7 + (-26)/(-42)*129. What is the highest common factor of n and 120?
40
Let i(s) = -13*s - 26. Let x be i(-13). Calculate the greatest common divisor of x and 39.
13
Let b be ((-27)/6*-148)/(-1 + 2). What is the highest common divisor of 37 and b?
37
Let k(g) = -g + 6. Let f = -52 - -47. Let u be k(f). What is the highest common factor of 55 and u?
11
Suppose 356 - 86 = 10*n. What is the highest common factor of n and 135?
27
Let t = 863 + -673. What is the highest common divisor of t and 38?
38
Let u be (12 - 57)/(5/(-2) - -2). Calculate the highest common divisor of u and 12.
6
Let a be ((-30)/(-8))/((-6)/(-16)). Let n(d) = 2*d**2 - 2*d + 70. Let y = 3 + -3. Let g be n(y). What is the greatest common divisor of a and g?
10
Let y = 34 + -96. Let i = y + 126. Let v = 725 - 717. What is the greatest common divisor of v and i?
8
Let v be 655/(-100)*-8 + 2/(-5). Calculate the highest common factor of v and 143.
13
Suppose 0 = 6*i + 3*i - 468. What is the greatest common factor of i and 39?
13
Let v be (-12 + 20)*(-16)/(-2). What is the greatest common divisor of 160 and v?
32
Suppose 2777 = 21*v - 4909. What is the greatest common divisor of v and 61?
61
Let y be (-7)/35 - (-3922)/10. What is the highest common divisor of 8 and y?
8
Let y be 12/18*(-11)/(22/(-48)). What is the highest common divisor of 6 and y?
2
Suppose 247 = 15*t - 353. What is the highest common divisor of t and 10?
10
Let l(p) = -p + 12. Let r be ((-2)/2)/((-6)/(-42)). Let a be l(r). Calculate the highest common factor of 152 and a.
19
Let c(r) = r**3 - 22*r**2 + 20*r + 35. Let v be c(21). Calculate the highest common divisor of v and 238.
14
Suppose -10*d = -12*d - 4. Let t be (d + -1)/(3 - 6). What is the highest common factor of t and 25?
1
Let l be (-7 + (-30 - 3))*7/(-4). What is the highest common divisor of 30 and l?
10
Let m = -20 + 22. Let p(j) = 4*j**2 - 2*j - 1. Let o be p(m). Calculate the greatest common divisor of o and 99.
11
Let q(c) = 2*c**2 + 14*c - 40. Let z(o) = 3*o**2 + 28*o - 80. Let b(t) = 11*q(t) - 6*z(t). Let h be b(9). Calculate the highest common factor of h and 34.
34
Let v(u) = -2*u**3 + 2*u**2 + 3*u + 3. Let l(m) = -3*m**2 + 3*m - 5. Let h be l(2). Let x = 9 + h. Let a be v(x). What is the highest common factor of a and 3?
3
Let k(n) = 123*n. Let y be k(1). Let r = -93 - -164. Let s = y - r. Calculate the highest common factor of s and 130.
26
Let g = -756 + 759. Calculate the highest common factor of g and 237.
3
Let k = 5 - -1. Let l(h) = -h**2 + 2*h - 12. Let f be l(0). Let j be (-1 + 0)*f*2. What is the highest common factor of k and j?
6
Let u(t) = t**3 + 7*t**2 - 7*t + 1. Let v be u(-8). Let j(o) = -o**3 - 7*o**2 - o + 2. Let a be j(v). What is the highest common divisor of 3 and a?
3
Let h(u) = -u**2 + 7*u - 3. Let q be h(5). Let j(b) = b**3 - 7*b**2 - 3*b + 9. Let g be j(8). What is the highest common divisor of g and q?
7
Suppose 0 = m - 2*p + 42 - 101, 3*m = -2*p + 137. Calculate the greatest common divisor of m and 245.
49
Let s(y) = 22*y**3 - 5*y**2 - 3*y + 6. Let r be s(2). Calculate the highest common factor of r and 36.
12
Let m(a) = a**2 - 172. Let r be m(14). What is the greatest common factor of 256 and r?
8
Suppose 2*o + 154 = 9*o. What is the greatest common factor of 1 and o?
1
Let l(m) = -m**3 + 14*m**2 - 12*m - 17. Let g be l(13). Let q be (4 - 2) + -4 - g - -17. Calculate the greatest common divisor of 133 and q.
19
Let b = 786 - 450. Calculate the greatest common divisor of 42 and b.
42
Suppose 6*o = 9*o - 87. Let m = o - 23. Calculate the highest common divisor of 15 and m.
3
Let x be (-4 - (-259)/(-14))*(-48)/9. What is the highest common factor of 3 and x?
3
Let t = 71 - 38. Suppose -7*l + 81 = -150. What is the highest common divisor of l and t?
33
Let k(q) = -2*q + 5. Let g be k(-4). Let f = 50 - g. Suppose 6 = r - 253. Calculate the greatest common factor of f and r.
37
Suppose o = -r + 24, -3*o + 5*r + 100 = 2*o. Suppose 12*w = 17*w - 20. Suppose -6*a + 4*a + w = 0. Calculate the highest common factor of a and o.
2
Suppose t - 3 = -4*j + 78, 3*j = -t + 61. Suppose 5*m - 25 = 3*x - 225, -196 = -3*x + 4*m. What is the greatest common factor of j and x?
20
Let r(o) = 128*o - 204. Let h be r(8). Calculate the highest common factor of 41 and h.
41
Suppose 7*c = 3*c + 12. Suppose c*f